{"id":95,"date":"2020-07-02T21:43:45","date_gmt":"2020-07-02T21:43:45","guid":{"rendered":"https:\/\/kitapiya.yekmal.de\/?page_id=95"},"modified":"2026-03-09T14:54:07","modified_gmt":"2026-03-09T14:54:07","slug":"materialien","status":"publish","type":"page","link":"https:\/\/kitapiya.yekmal.de\/?page_id=95","title":{"rendered":"Materialien"},"content":{"rendered":"<div class=\"site-wrapper-frame\">\n<div class=\"site-section-wrapper site-section-wrapper-main\">\n<div id=\"site-page-columns\">\n<div id=\"site-column-main\" class=\"site-column site-column-main\">\n<div class=\"site-column-main-wrapper clearfix\">\n<div id=\"site-column-content\" class=\"site-column site-column-content\">\n<div class=\"site-column-wrapper site-column-content-wrapper\">\n<div class=\"entry-content\">\n<p>Auf dieser Seite finden Sie Materialien f\u00fcr Familien, Kinder und Erzieher. Sie werden auf dieser Website in verschiedenen Ressourcen geteilt.<\/p>\n<\/div>\n<div class=\"custom-widget-featured-pages site-directory-block\">\n<ul class=\"site-directory-items site-directory-columns site-directory-2 clearfix\">\n<li class=\"site-directory-item site-directory-item-1 site-archive-post\">\n<div class=\"site-column-widget-wrapper clearfix\">\n<div class=\"entry-preview\">\n<div class=\"entry-preview-wrapper clearfix\">\n<h2 class=\"entry-title\"><a href=\"https:\/\/yekmal.com\/ku\/materyal\/ciroken-dengin\/\" rel=\"bookmark\">\u00c7\u00eerok\u00ean Deng\u00een<\/a><\/h2>\n<\/div>\n<\/div>\n<\/div>\n<\/li>\n<li class=\"site-directory-item site-directory-item-2 site-archive-post\">\n<div class=\"site-column-widget-wrapper clearfix\">\n<div class=\"entry-preview\">\n<div class=\"entry-preview-wrapper clearfix\">\n<h2 class=\"entry-title\"><a href=\"https:\/\/yekmal.com\/materyal\/ciroken-pesdibistane\/\" rel=\"bookmark\">Private: \u00c7\u00eerok\u00ean P\u00ea\u015fdibistan\u00ea<\/a><\/h2>\n<\/div>\n<\/div>\n<\/div>\n<\/li>\n<li class=\"site-directory-item site-directory-item-1 site-archive-post\">\n<div class=\"site-column-widget-wrapper clearfix\">\n<div class=\"entry-preview\">\n<div class=\"entry-preview-wrapper clearfix\">\n<h2 class=\"entry-title\"><a href=\"https:\/\/yekmal.com\/materyal\/dramaya-afiriner\/\" rel=\"bookmark\">Dramaya Afir\u00eener<\/a><\/h2>\n<\/div>\n<\/div>\n<\/div>\n<\/li>\n<li class=\"site-directory-item site-directory-item-2 site-archive-post\">\n<div class=\"site-column-widget-wrapper clearfix\">\n<div class=\"entry-preview\">\n<div class=\"entry-preview-wrapper clearfix\">\n<h2 class=\"entry-title\"><a href=\"https:\/\/yekmal.com\/ku\/materyal\/peyven-bingehin\/\" rel=\"bookmark\">Ferhengoka Duziman\u00ee<\/a><\/h2>\n<\/div>\n<\/div>\n<\/div>\n<\/li>\n<li class=\"site-directory-item site-directory-item-1 site-archive-post\">\n<div class=\"site-column-widget-wrapper clearfix\">\n<div class=\"entry-preview\">\n<div class=\"entry-preview-wrapper clearfix\">\n<h2 class=\"entry-title\"><a href=\"https:\/\/yekmal.com\/ku\/materyal\/flashkart\/\" rel=\"bookmark\">Flashkart<\/a><\/h2>\n<\/div>\n<\/div>\n<\/div>\n<\/li>\n<li class=\"site-directory-item site-directory-item-2 site-archive-post\">\n<div class=\"site-column-widget-wrapper clearfix\">\n<div class=\"entry-preview\">\n<div class=\"entry-preview-wrapper clearfix\">\n<h2 class=\"entry-title\"><a href=\"https:\/\/yekmal.com\/ku\/materyal\/hindari\/\" rel=\"bookmark\">H\u00eendar\u00ee<\/a><\/h2>\n<\/div>\n<\/div>\n<\/div>\n<\/li>\n<li class=\"site-directory-item site-directory-item-1 site-archive-post\">\n<div class=\"site-column-widget-wrapper clearfix\">\n<div class=\"entry-preview\">\n<div class=\"entry-preview-wrapper clearfix\">\n<h2 class=\"entry-title\"><a href=\"https:\/\/yekmal.com\/ku\/materyal\/metelok-ji-bo-zarokan\/\" rel=\"bookmark\">Metelok ji bo Zarokan<\/a><\/h2>\n<\/div>\n<\/div>\n<\/div>\n<\/li>\n<li class=\"site-directory-item site-directory-item-2 site-archive-post\">\n<div class=\"site-column-widget-wrapper clearfix\">\n<div class=\"entry-preview\">\n<div class=\"entry-preview-wrapper clearfix\">\n<h2 class=\"entry-title\"><a href=\"https:\/\/yekmal.com\/ku\/materyal\/pirtuken-cirokan\/\" rel=\"bookmark\">Pirt\u00fbk\u00ean \u2018Xwendin Ronah\u00ee Ye\u2019<\/a><\/h2>\n<\/div>\n<\/div>\n<\/div>\n<\/li>\n<li class=\"site-directory-item site-directory-item-1 site-archive-post\">\n<div class=\"site-column-widget-wrapper clearfix\">\n<div class=\"entry-preview\">\n<div class=\"entry-preview-wrapper clearfix\">\n<h2 class=\"entry-title\"><a href=\"https:\/\/yekmal.com\/ku\/materyal\/stran\/\" rel=\"bookmark\">Stran<\/a><\/h2>\n<\/div>\n<\/div>\n<\/div>\n<\/li>\n<li class=\"site-directory-item site-directory-item-2 site-archive-post\">\n<div class=\"site-column-widget-wrapper clearfix\">\n<div class=\"entry-preview\">\n<div class=\"entry-preview-wrapper clearfix\">\n<h2 class=\"entry-title\"><a href=\"https:\/\/yekmal.com\/ku\/materyal\/video-xezefilm\/\" rel=\"bookmark\">Video-X\u00eazef\u00eelm<\/a><\/h2>\n<\/div>\n<\/div>\n<\/div>\n<\/li>\n<li class=\"site-directory-item site-directory-item-1 site-archive-post\">\n<div class=\"site-column-widget-wrapper clearfix\">\n<div class=\"entry-preview\">\n<div class=\"entry-preview-wrapper clearfix\">\n<h2 class=\"entry-title\"><a href=\"https:\/\/yekmal.com\/ku\/materyal\/yekmal-video-cirok\/\" rel=\"bookmark\">Yekmal Video-\u00c7\u00eerok<\/a><\/h2>\n<\/div>\n<\/div>\n<\/div>\n<\/li>\n<\/ul>\n<\/div>\n<\/div>\n<\/div>\n<\/div>\n<\/div>\n<\/div>\n<\/div>\n<\/div>\n<footer id=\"site-footer\" class=\"site-section site-section-footer\">\n<div class=\"site-section-wrapper site-section-wrapper-footer\">\n<div class=\"site-columns site-columns-footer site-columns-3 clearfix\">\n<div class=\"site-column site-column-1\">\n<div class=\"site-column-wrapper clearfix\">\n<div id=\"nav_menu-10\" class=\"widget widget_nav_menu\">\n<div class=\"widget-content-wrapper\">\n<div class=\"menu-fuszeilenmenuku-container\"><\/div>\n<\/div>\n<\/div>\n<\/div>\n<\/div>\n<\/div>\n<\/div>\n<\/footer>\n","protected":false},"excerpt":{"rendered":"<p>Auf dieser Seite finden Sie Materialien f\u00fcr Familien, Kinder und Erzieher. Sie werden auf dieser Website in verschiedenen Ressourcen geteilt. &hellip; <\/p>\n","protected":false},"author":2,"featured_media":94,"parent":0,"menu_order":0,"comment_status":"closed","ping_status":"closed","template":"","meta":[],"_links":{"self":[{"href":"https:\/\/kitapiya.yekmal.de\/index.php?rest_route=\/wp\/v2\/pages\/95"}],"collection":[{"href":"https:\/\/kitapiya.yekmal.de\/index.php?rest_route=\/wp\/v2\/pages"}],"about":[{"href":"https:\/\/kitapiya.yekmal.de\/index.php?rest_route=\/wp\/v2\/types\/page"}],"author":[{"embeddable":true,"href":"https:\/\/kitapiya.yekmal.de\/index.php?rest_route=\/wp\/v2\/users\/2"}],"replies":[{"embeddable":true,"href":"https:\/\/kitapiya.yekmal.de\/index.php?rest_route=%2Fwp%2Fv2%2Fcomments&post=95"}],"version-history":[{"count":0,"href":"https:\/\/kitapiya.yekmal.de\/index.php?rest_route=\/wp\/v2\/pages\/95\/revisions"}],"wp:featuredmedia":[{"embeddable":true,"href":"https:\/\/kitapiya.yekmal.de\/index.php?rest_route=\/wp\/v2\/media\/94"}],"wp:attachment":[{"href":"https:\/\/kitapiya.yekmal.de\/index.php?rest_route=%2Fwp%2Fv2%2Fmedia&parent=95"}],"curies":[{"name":"wp","href":"https:\/\/api.w.org\/{rel}","templated":true}]}}