{"id":335,"date":"2026-03-09T14:16:27","date_gmt":"2026-03-09T14:16:27","guid":{"rendered":"https:\/\/kitapiya.yekmal.de\/?page_id=335"},"modified":"2026-03-09T14:17:56","modified_gmt":"2026-03-09T14:17:56","slug":"kontakt-4","status":"publish","type":"page","link":"https:\/\/kitapiya.yekmal.de\/?page_id=335","title":{"rendered":"Kontakt"},"content":{"rendered":"<p><strong>Kita P\u00eeya Wedding<br>\n<\/strong>Barfusstra\u00dfe 13, 13349 Berlin<br>\nTel.: 030 450 82 694<br>\nHandy: 0176 404 78 367<br>\nE-Mail: kita-piya-wedding@yekmal.de<br>\n\u00d6ffnungszeiten:&nbsp;Montag bis Freitag: 07:30 &#8211; 17:00 Uhr<\/p>\n<p><strong>Kita P\u00eeya Kreuzberg<\/strong><br>\nMuskauer Stra\u00dfe 44, 10997 Berlin<br>\nPhone: 030 695 31 180<br>\nFax: 030 695 31 181<br>\nE-Mail: kita-piya-kreuzberg@yekmal.de<br>\n\u00d6ffnungszeiten: Montag bis Freitag: 07:30 &#8211; 17:00<\/p>\n\n\n<p><strong>Yekmal e.V. Gesch\u00e4ftsstelle<br><\/strong>Sch\u00f6nleinstr. 23, 10967 Berlin<br>Tel.: 030 81797365<br>Fax: 030 81797366<br>E-Mail: info@yekmal.de<br>\u00d6ffnungszeiten: MO &#8211; FR: 09.00 \u2013 17.00 Uhr<strong><br><\/strong>Sch\u00f6nleinstr. 23, 10967 Berlin<br>Tel.: 030 81797365<br>Fax: 030 81797366<br>E-Mail: info@yekmal.de<br>\u00d6ffnungszeiten: MO &#8211; FR: 09.00 \u2013 17.00 Uhr<\/p>\n","protected":false},"excerpt":{"rendered":"<p>Kita P\u00eeya Wedding Barfusstra\u00dfe 13, 13349 Berlin Tel.: 030 450 82 694 Handy: 0176 404 78 367 E-Mail: kita-piya-wedding@yekmal.de \u00d6ffnungszeiten:&nbsp;Montag &hellip; <\/p>\n","protected":false},"author":2,"featured_media":146,"parent":0,"menu_order":0,"comment_status":"closed","ping_status":"closed","template":"","meta":[],"_links":{"self":[{"href":"https:\/\/kitapiya.yekmal.de\/index.php?rest_route=\/wp\/v2\/pages\/335"}],"collection":[{"href":"https:\/\/kitapiya.yekmal.de\/index.php?rest_route=\/wp\/v2\/pages"}],"about":[{"href":"https:\/\/kitapiya.yekmal.de\/index.php?rest_route=\/wp\/v2\/types\/page"}],"author":[{"embeddable":true,"href":"https:\/\/kitapiya.yekmal.de\/index.php?rest_route=\/wp\/v2\/users\/2"}],"replies":[{"embeddable":true,"href":"https:\/\/kitapiya.yekmal.de\/index.php?rest_route=%2Fwp%2Fv2%2Fcomments&post=335"}],"version-history":[{"count":0,"href":"https:\/\/kitapiya.yekmal.de\/index.php?rest_route=\/wp\/v2\/pages\/335\/revisions"}],"wp:featuredmedia":[{"embeddable":true,"href":"https:\/\/kitapiya.yekmal.de\/index.php?rest_route=\/wp\/v2\/media\/146"}],"wp:attachment":[{"href":"https:\/\/kitapiya.yekmal.de\/index.php?rest_route=%2Fwp%2Fv2%2Fmedia&parent=335"}],"curies":[{"name":"wp","href":"https:\/\/api.w.org\/{rel}","templated":true}]}}