{"id":279,"date":"2022-10-26T11:21:23","date_gmt":"2022-10-26T11:21:23","guid":{"rendered":"https:\/\/kitapiya.yekmal.de\/?page_id=279"},"modified":"2022-10-26T11:21:31","modified_gmt":"2022-10-26T11:21:31","slug":"materyal","status":"publish","type":"page","link":"https:\/\/kitapiya.yekmal.de\/?page_id=279&lang=kr","title":{"rendered":"Materyal"},"content":{"rendered":"<p>Ev r\u00fbpel ji bo materyal\u00ean ji bo malbat, zarok \u00fb perwerdekaran e. Ew \u00ea li ser v\u00ea malper\u00ea \u00e7avkaniy\u00ean cur bi cur werin parvekirin.<\/p>\n<ul class=\"site-directory-items site-directory-columns site-directory-2 clearfix\">\n<li class=\"site-directory-item site-directory-item-1 site-archive-post\">\n<div class=\"site-column-widget-wrapper clearfix\">\n<div class=\"entry-preview\">\n<div class=\"entry-preview-wrapper clearfix\">\n<h2 class=\"entry-title\"><a href=\"https:\/\/yekmal.com\/ku\/materyal\/ciroken-dengin\/\" rel=\"bookmark\">\u00c7\u00eerok\u00ean Deng\u00een<\/a><\/h2>\n<\/div>\n<\/div>\n<\/div>\n<\/li>\n<li class=\"site-directory-item site-directory-item-2 site-archive-post\">\n<div class=\"site-column-widget-wrapper clearfix\">\n<div class=\"entry-preview\">\n<div class=\"entry-preview-wrapper clearfix\">\n<h2 class=\"entry-title\"><a href=\"https:\/\/yekmal.com\/materyal\/ciroken-pesdibistane\/\" rel=\"bookmark\">Private: \u00c7\u00eerok\u00ean P\u00ea\u015fdibistan\u00ea<\/a><\/h2>\n<\/div>\n<\/div>\n<\/div>\n<\/li>\n<li class=\"site-directory-item site-directory-item-1 site-archive-post\">\n<div class=\"site-column-widget-wrapper clearfix\">\n<div class=\"entry-preview\">\n<div class=\"entry-preview-wrapper clearfix\">\n<h2 class=\"entry-title\"><a href=\"https:\/\/yekmal.com\/materyal\/dramaya-afiriner\/\" rel=\"bookmark\">Dramaya Afir\u00eener<\/a><\/h2>\n<\/div>\n<\/div>\n<\/div>\n<\/li>\n<li class=\"site-directory-item site-directory-item-2 site-archive-post\">\n<div class=\"site-column-widget-wrapper clearfix\">\n<div class=\"entry-preview\">\n<div class=\"entry-preview-wrapper clearfix\">\n<h2 class=\"entry-title\"><a href=\"https:\/\/yekmal.com\/ku\/materyal\/peyven-bingehin\/\" rel=\"bookmark\">Ferhengoka Duziman\u00ee<\/a><\/h2>\n<\/div>\n<\/div>\n<\/div>\n<\/li>\n<li class=\"site-directory-item site-directory-item-1 site-archive-post\">\n<div class=\"site-column-widget-wrapper clearfix\">\n<div class=\"entry-preview\">\n<div class=\"entry-preview-wrapper clearfix\">\n<h2 class=\"entry-title\"><a href=\"https:\/\/yekmal.com\/ku\/materyal\/flashkart\/\" rel=\"bookmark\">Flashkart<\/a><\/h2>\n<\/div>\n<\/div>\n<\/div>\n<\/li>\n<li class=\"site-directory-item site-directory-item-2 site-archive-post\">\n<div class=\"site-column-widget-wrapper clearfix\">\n<div class=\"entry-preview\">\n<div class=\"entry-preview-wrapper clearfix\">\n<h2 class=\"entry-title\"><a href=\"https:\/\/yekmal.com\/ku\/materyal\/hindari\/\" rel=\"bookmark\">H\u00eendar\u00ee<\/a><\/h2>\n<\/div>\n<\/div>\n<\/div>\n<\/li>\n<li class=\"site-directory-item site-directory-item-1 site-archive-post\">\n<div class=\"site-column-widget-wrapper clearfix\">\n<div class=\"entry-preview\">\n<div class=\"entry-preview-wrapper clearfix\">\n<h2 class=\"entry-title\"><a href=\"https:\/\/yekmal.com\/ku\/materyal\/metelok-ji-bo-zarokan\/\" rel=\"bookmark\">Metelok ji bo Zarokan<\/a><\/h2>\n<\/div>\n<\/div>\n<\/div>\n<\/li>\n<li class=\"site-directory-item site-directory-item-2 site-archive-post\">\n<div class=\"site-column-widget-wrapper clearfix\">\n<div class=\"entry-preview\">\n<div class=\"entry-preview-wrapper clearfix\">\n<h2 class=\"entry-title\"><a href=\"https:\/\/yekmal.com\/ku\/materyal\/pirtuken-cirokan\/\" rel=\"bookmark\">Pirt\u00fbk\u00ean \u2018Xwendin Ronah\u00ee Ye\u2019<\/a><\/h2>\n<\/div>\n<\/div>\n<\/div>\n<\/li>\n<li class=\"site-directory-item site-directory-item-1 site-archive-post\">\n<div class=\"site-column-widget-wrapper clearfix\">\n<div class=\"entry-preview\">\n<div class=\"entry-preview-wrapper clearfix\">\n<h2 class=\"entry-title\"><a href=\"https:\/\/yekmal.com\/ku\/materyal\/stran\/\" rel=\"bookmark\">Stran<\/a><\/h2>\n<\/div>\n<\/div>\n<\/div>\n<\/li>\n<li class=\"site-directory-item site-directory-item-2 site-archive-post\">\n<div class=\"site-column-widget-wrapper clearfix\">\n<div class=\"entry-preview\">\n<div class=\"entry-preview-wrapper clearfix\">\n<h2 class=\"entry-title\"><a href=\"https:\/\/yekmal.com\/ku\/materyal\/video-xezefilm\/\" rel=\"bookmark\">Video-X\u00eazef\u00eelm<\/a><\/h2>\n<\/div>\n<\/div>\n<\/div>\n<\/li>\n<li class=\"site-directory-item site-directory-item-1 site-archive-post\">\n<div class=\"site-column-widget-wrapper clearfix\">\n<div class=\"entry-preview\">\n<div class=\"entry-preview-wrapper clearfix\">\n<h2 class=\"entry-title\"><a href=\"https:\/\/yekmal.com\/ku\/materyal\/yekmal-video-cirok\/\" rel=\"bookmark\">Yekmal Video-\u00c7\u00eerok<\/a><\/h2>\n<\/div>\n<\/div>\n<\/div>\n<\/li>\n<\/ul>\n","protected":false},"excerpt":{"rendered":"<p>Ev r\u00fbpel ji bo materyal\u00ean ji bo malbat, zarok \u00fb perwerdekaran e. Ew \u00ea li ser v\u00ea malper\u00ea \u00e7avkaniy\u00ean cur &hellip; <\/p>\n","protected":false},"author":2,"featured_media":94,"parent":0,"menu_order":0,"comment_status":"closed","ping_status":"closed","template":"","meta":[],"_links":{"self":[{"href":"https:\/\/kitapiya.yekmal.de\/index.php?rest_route=\/wp\/v2\/pages\/279"}],"collection":[{"href":"https:\/\/kitapiya.yekmal.de\/index.php?rest_route=\/wp\/v2\/pages"}],"about":[{"href":"https:\/\/kitapiya.yekmal.de\/index.php?rest_route=\/wp\/v2\/types\/page"}],"author":[{"embeddable":true,"href":"https:\/\/kitapiya.yekmal.de\/index.php?rest_route=\/wp\/v2\/users\/2"}],"replies":[{"embeddable":true,"href":"https:\/\/kitapiya.yekmal.de\/index.php?rest_route=%2Fwp%2Fv2%2Fcomments&post=279"}],"version-history":[{"count":0,"href":"https:\/\/kitapiya.yekmal.de\/index.php?rest_route=\/wp\/v2\/pages\/279\/revisions"}],"wp:featuredmedia":[{"embeddable":true,"href":"https:\/\/kitapiya.yekmal.de\/index.php?rest_route=\/wp\/v2\/media\/94"}],"wp:attachment":[{"href":"https:\/\/kitapiya.yekmal.de\/index.php?rest_route=%2Fwp%2Fv2%2Fmedia&parent=279"}],"curies":[{"name":"wp","href":"https:\/\/api.w.org\/{rel}","templated":true}]}}